List the prime factors of 2136/4*(4 - 3/1).
2, 3, 89
Let c(m) = 40*m. Let q be c(-5). Let i = q + 283. What are the prime factors of i?
83
Let q = 125 - 9. Suppose 5*u - a = 312, -u - q = -3*u - 4*a. What are the prime factors of u?
2, 31
Let l(u) be the third derivative of u**5/60 - u**4/8 + u**3 + 20*u**2. Let x(i) = i**2 + 5*i + 4. Let f be x(-5). List the prime factors of l(f).
2, 5
Let x(z) = z + 11. Suppose 4*u + 6*q - 2*q - 172 = 0, -2*u = -3*q - 96. Suppose 3*a + u = -2*a. What are the prime factors of x(a)?
2
Suppose s = 24 - 9. Suppose -3*m = -3*x, -3*x + 5*m = -10 - 0. Let r = x + s. What are the prime factors of r?
2, 5
Suppose -4*m + 2*m + k = -21, 2*m - 2*k - 22 = 0. Let q(i) be the second derivative of i**4/12 - 4*i**3/3 + 3*i**2/2 - 2*i. List the prime factors of q(m).
23
Let z(q) = 2*q**2 + 2*q - 1. Let b be z(1). Let o(u) = -u**2 + 4*u + 2. Let r be o(b). Suppose -r*n + 120 - 45 = 0. What are the prime factors of n?
3, 5
Suppose 7*f + 153 = -50. Let u = f + 31. Suppose -m = 0, u*m + 30 = 5*z - 2*m. List the prime factors of z.
2, 3
Let h(v) be the second derivative of v**5/20 - 5*v**4/12 - v**3/3 - 3*v**2/2 + 4*v. Let l be h(4). List the prime factors of (-2)/9 - 60/l.
2
Suppose 3*c - 18 = 30. Let p be (-5)/25 - c/(-5). Suppose 2*h - p*x - 53 = 74, -4*x = -2*h + 122. What are the prime factors of h?
71
Suppose -24 = -5*d - d. Suppose -5*k - d = -k. What are the prime factors of ((-4)/8)/(k/20)?
2, 5
Suppose -5*y + 2*i + 14976 = 0, 4*y - i - i - 11982 = 0. List the prime factors of y.
2, 3, 499
Let q = -307 - -812. List the prime factors of q.
5, 101
Suppose 0*f - 72 = -4*f. Let l = 85 - f. Let r = l + -30. What are the prime factors of r?
37
Let x(l) = l**3 - 21*l**2 + 21*l - 17. Suppose -8*v + 184 - 24 = 0. List the prime factors of x(v).
3
Let g = 13 - 0. Suppose -2*t + g = -5. Suppose -134 + t = -5*w. What are the prime factors of w?
5
Suppose 2*l = -4*i + 8, 3*l - 5*l + 8 = -4*i. Suppose i = 21*g - 25*g + 228. What are the prime factors of g?
3, 19
Let c be 1/((-3)/627*1). Let i = 314 + c. What are the prime factors of i?
3, 5, 7
Suppose 4*f = -f. Suppose f = -i + 17 + 15. What are the prime factors of i?
2
Let h = 81 + -55. Let p = h + 39. List the prime factors of p.
5, 13
What are the prime factors of (-35223)/(-10) - (-138)/(-460)?
2, 3, 587
Let p = -648 - -922. List the prime factors of p.
2, 137
Let l = 965 - 596. List the prime factors of l.
3, 41
Suppose -39*s - 170 = -34*s. Suppose 4*d = 2*p - 5*p - 45, 2*p + 13 = 3*d. Let t = p - s. What are the prime factors of t?
23
Suppose 3*b + 0*b = 0. List the prime factors of (51 + b)/(-14 - -15).
3, 17
Suppose -982 = 37*f - 39*f. What are the prime factors of f?
491
Suppose -9 = f - 0*f. Let g be 922/(-18) + (-2)/f. List the prime factors of (-5)/15*g/1.
17
Let k(w) = -w**3 - w + 2. Let v be k(0). Suppose 0 = -2*f - 10, v*b - b - f = 96. Let d = b - 62. What are the prime factors of d?
29
Suppose -4*c + 5448 = 25*m - 22*m, -4*c + 2*m + 5428 = 0. What are the prime factors of c?
3, 151
Let d = 11 - 9. Suppose -4*t = -5*c + 96, c + d*c - 40 = -2*t. Suppose -c = o - 2*o. What are the prime factors of o?
2
Suppose 30*j - 13*j = 10523. What are the prime factors of j?
619
Let h be (-1 - -9)/(2/11). Suppose 3*q - 3*p - 12 = 0, 4*p = -0*p. Suppose 180 - h = q*l. What are the prime factors of l?
2, 17
Let a(d) = -2*d + 17*d + 15*d - 47 - 3*d**2. Let x(i) = -i**2 + 10*i - 16. Let v(n) = -3*a(n) + 8*x(n). List the prime factors of v(11).
2, 3
Suppose 7*j - 4*j = -5*z + 192, -4*z = j - 64. Suppose -5*f - 149 = -3*g, -87 = -3*f + 6*f - 3*g. Let a = j + f. What are the prime factors of a?
3, 11
Let o = 6065 - 3268. List the prime factors of o.
2797
Suppose -5*t - 2*u = -2885, -t - 12*u + 8*u = -559. Suppose -t = -24*i + 21*i. List the prime factors of i.
193
Let o(q) = -6*q + 29. Let z(x) = -2*x. Let j(a) = -o(a) - 3*z(a). List the prime factors of j(4).
19
List the prime factors of 1 - 4/16 - (-135102)/88.
2, 3
Let t(h) = h**2 + 10*h - 1. Let j be t(12). Suppose 0 = -5*o - 5*l + 370, 2*l - j = -4*o + 25. List the prime factors of o.
2, 5, 7
List the prime factors of (-6)/18*3*31*-22.
2, 11, 31
Let s be (419/2)/(11/22). Suppose 3*z + 2*i = s, 2*z - 3*z - 4*i + 123 = 0. List the prime factors of z.
11, 13
Let x(v) = v**3 + 21*v**2 + 3*v - 4. Let t be x(-21). Let o = 169 + t. What are the prime factors of o?
2, 3, 17
Let y(w) = 7*w + 42. What are the prime factors of y(36)?
2, 3, 7
Let x be 0 + 69*(-3)/(-9). Let p = x - -17. What are the prime factors of p?
2, 5
Let a(x) = -6*x - 15. Suppose -g + 90 = 3*g + 3*o, 5*g = -3*o + 111. Let p be 36/(-63) + (-177)/g. List the prime factors of a(p).
3, 13
Let x = 118 + -51. Suppose 4*b - 21 = x. Suppose 4*p = c + 20 + 40, -2*c = -p + b. What are the prime factors of p?
2, 7
List the prime factors of (-1014)/9*(-36)/24.
13
Suppose -45*t = -30*t - 105. List the prime factors of t.
7
List the prime factors of 1436/((-9)/((-63)/14)).
2, 359
Let z be 47*((-5)/1)/(-5). Suppose 0 = -45*k + z*k - 38. What are the prime factors of k?
19
Let k = 654 - 239. Suppose -4*i + 1323 = k. List the prime factors of i.
227
Let x(o) = 4*o + 8*o**2 + 2*o + o**3 + o**2 - 9 + 0*o. Let l be x(-8). Suppose 4*s = l*s - 72. List the prime factors of s.
2, 3
Suppose -12*u + 744 = l - 11*u, -5*l = -2*u - 3734. What are the prime factors of l?
2, 373
Let w(v) = -3*v**3 - 14*v**2 - 5*v - 7. Let a(k) = 16*k**3 + 70*k**2 + 24*k + 34. Let j(p) = 2*a(p) + 11*w(p). What are the prime factors of j(-14)?
89
Suppose k - 20 = 4*a, -5*a = 5*k - k + 46. Let z(o) = 3*o**2 - 5*o - 23. What are the prime factors of z(a)?
5, 23
Let y(k) = k**2 + 4*k + 2. Let a be y(-5). Let b be 10/a + 12/21. Suppose b*g + 2*n = 6*g - 76, 5*g + 4*n - 121 = 0. List the prime factors of g.
3, 7
Let h = 7 - 5. Suppose 3*l = 4*w + 44, 3*w - h*l = w - 24. Let s = w - -13. What are the prime factors of s?
5
Let v = 681 - -4893. List the prime factors of v.
2, 3, 929
Suppose -166 = -t - 4*j + 200, 3*j = 2*t - 699. Suppose t = 4*q - 122. What are the prime factors of q?
7, 17
Let f(w) = w**3 + 2*w**2 + 6. Let s be f(-3). Let l(x) = 67*x**2 - x + 4. Let b be l(s). List the prime factors of b/14 - (-12)/28.
2, 11
Let h be (-25)/4*(2 + -6). Suppose 3*l - h = 8. List the prime factors of l.
11
Let i be (-8)/36 + (-11)/(-9). Suppose -t + 0 - i = 0, -2*t = -f + 14. List the prime factors of f.
2, 3
Suppose 2352 = -4*l + 712. Let x be (-1*(-1)/(-2))/((-45)/1350). List the prime factors of (6/(-4))/(x/l).
41
Let p be 7*-3*6/18. Let f(x) = 2*x**2 + 5*x - 6. List the prime factors of f(p).
3, 19
Let f = 27 + -25. Suppose 2*l - 2*c = 8, 10 = 2*l - 5*c + f*c. Suppose n - 5*k - 51 = 0, -l*k = -2*n + 21 + 41. List the prime factors of n.
2, 13
Suppose -q + 2806 = -4*n - n, n + 13934 = 5*q. What are the prime factors of q?
2, 7, 199
Suppose 126*r = 132*r - 984. What are the prime factors of r?
2, 41
Let o = -64 - -68. Suppose 4*k - 171 - 403 = 3*d, -3*d = o*k - 586. List the prime factors of k.
5, 29
Let c = 797 - 287. What are the prime factors of c?
2, 3, 5, 17
Let r(d) = -95*d + 6. List the prime factors of r(-4).
2, 193
Suppose -14 = v - 5*y, 3*v + 4*y - 10 = 24. What are the prime factors of (-120)/(-10)*88/v?
2, 11
Let w(f) = f**3 + 4*f**2 - 5*f + 3. Let g be w(-5). Suppose 4*u + 4 = 0, -2*r - 3*u = -g*r - 39. Let d = r + 85. List the prime factors of d.
43
Suppose 0 = -6*m + 53 - 41. List the prime factors of (-2)/(m/144*-1).
2, 3
Let d be -2 + -4*9/(-6). Suppose 207 = d*i + 3*v, -v - v = i - 53. List the prime factors of i.
3, 17
Suppose 130 = -6*h + 7*h. List the prime factors of h.
2, 5, 13
Let w(g) = g**3 + 3*g**2 - 3*g - 3. Let a = -24 - -23. Let c be a/(-5) - (-16)/(-5). List the prime factors of w(c).
2, 3
Let s(h) = -301*h - 369. What are the prime factors of s(-9)?
2, 3, 5, 13
Let a = 6 + -3. List the prime factors of 1 - a/((-6)/98).
2, 5
Let q(a) = 4349*a**2 - 41*a - 42. What are the prime factors of q(-1)?
2, 1087
Suppose -2*a + 1680 = 3*o, 2*o + 791 = -2*a + 2467. What are the prime factors of a?
2, 3, 139
Let z(r) = -7*r - 16. Let j be z(-7). Suppose 0 = 5*g - 22 - j. What are the prime factors of g?
11
Let g be (13 - 13) + (2 - 0). Suppose -u = -g*d + 2*u + 217, -4*u = d - 103. List the prime factors of